False
Suppose 4*s - 5*z - 152063 = 0, -7*z + 105231 + 46844 = 4*s. Is s prime?
False
Let r(n) = -59*n**3 - 35*n**2 - 19*n - 45. Is r(-16) a composite number?
False
Let d be (-7 + (2 - -5))/(-2). Suppose d = -16*m + 71045 + 4299. Is m prime?
False
Let j be (-13184)/(-10) + (-12)/(-20). Suppose 5*n + 1762 = 4*z, -6*z = -3*z - 5*n - j. Is z a prime number?
True
Let d be ((-6)/(-9))/((-10)/(-8805)). Let p = -220 - -124. Let i = d - p. Is i prime?
True
Let h be 5 + (-8)/2 - (3 - 2). Suppose -17*g - 33580 + 245349 = h. Is g prime?
True
Let z = -1392114 - -2473287. Is z a prime number?
False
Suppose 0 = 5*l + 17 - 12. Is 2864333/(-789)*3/(1*l) a composite number?
False
Suppose 2*c - 3 = 4*d - 5, 4*d = c + 5. Let h be 9/c + 0*(-2)/(-4). Suppose 3*n = -3*s + 1012 + 1430, 5*n - 4076 = -h*s. Is n composite?
True
Let o(p) = -8839*p**2 + 10. Let q be o(-3). Let z = -29100 - q. Is z prime?
True
Suppose -10 = -3*w + w, 0 = -4*a - 5*w + 53. Suppose -45207 = -5*g + 2*z, 45209 = -2*g + a*g - 4*z. Is g a prime number?
True
Let q = -11000 - -77403. Is q a prime number?
True
Let t = -3304 + 920. Let n be 7639/(-7) - 4/(-14). Let j = n - t. Is j a prime number?
False
Suppose -4*k - 53093 = -0*k - 5*p, k + 5*p = -13267. Let o = 18683 + k. Is o composite?
True
Suppose 3*d - 607185 = 3*g, -202391 = -d - 0*g - 3*g. Is d a prime number?
False
Let f(y) = 12*y - 2. Let w be f(1). Suppose -3*m = -w - 17. Suppose -4*u = 5*t - m*u - 4230, 4*t = 2*u + 3374. Is t prime?
False
Suppose 8*f - 12104 = 71448. Suppose -l + 10444 = 4*v, -3*v = v - l - f. Is v a composite number?
True
Suppose 2*d + b = 694217, -55 = 5*b - 70. Is d composite?
True
Suppose -3*j = -8*j - j + 407454. Is j prime?
False
Is (-1 - 123513)*(-1 - (1 + 36/(-24))) a composite number?
False
Suppose 18*d = 13*d + 4*c - 168806, -67528 = 2*d - 3*c. Is d*(3 + 21/(-6)) a prime number?
True
Suppose -v = -3*u - 0*v + 7356, -3*v = u - 2462. Suppose h - u = 38. Is h prime?
False
Let d(c) = -c**3 + 7*c**2 - 12*c + 4. Let l be d(3). Let f(y) = -19*y - 2. Let t be f(-3). Suppose -l*p + 380 = 2*s, p + 2*s = 153 - t. Is p prime?
False
Is 4194/(-12 + 3)*489/(-6) composite?
True
Is -12247*(4 - 5)*(-42 + 43) prime?
False
Suppose 19*d - 11071623 = -38*d. Is d a prime number?
True
Let u(p) = -156*p + 17. Let g(f) be the first derivative of -f**2/2 + 4*f + 11. Let s be g(9). Is u(s) composite?
False
Let h = -34 - -44. Suppose -4*g - 846 = -h*g. Is g prime?
False
Let s(d) = 28*d**2 - 12*d - 6*d**2 + 32*d**3 - 13*d**2 - 11*d**2 + 11 - 8*d**2. Is s(8) composite?
True
Suppose p - 5*p - 120 = -2*q, 2*q - 117 = 5*p. Suppose q*b - 762 = 69*b. Let s = 139 - b. Is s prime?
False
Let z be 40608/10 + 32/160. Let b = 9510 - z. Is b composite?
False
Let b = -6186 - -10259. Suppose -2038 = -9*q + b. Is q a composite number?
True
Suppose -40336 - 34790 = -6*c. Is c a prime number?
False
Let m = 17310 + -5393. Is m composite?
True
Let y(c) = c**3 - 2*c**2 + 2*c + 1272. Let k be y(0). Is 1 + -6 + 6 + k + -6 a composite number?
True
Suppose -i - 3*w = -8, i - 4*w + 0*w + 27 = 0. Is (((-33922)/(-8))/i)/(2/(-8)) a prime number?
True
Let b(h) = 11*h**3 - 3*h**2 + h + 4. Let v be 1*40/18 - (-20)/(-90). Let t be b(v). Suppose 2*m = 4*r + t, -3*m - 3*r = -0*m - 78. Is m a composite number?
False
Is (-1 - 0)/(184051301/52586114 + (-14)/4) a composite number?
False
Suppose -180735 = 149*d - 164*d. Is d a composite number?
False
Let m(l) = 4094*l**2 - 174*l + 997. Is m(6) a composite number?
True
Suppose 2*u = 5*i + 1935, 28*u = 2*i + 29*u + 774. Is (-14842353)/i - 4*(-2)/(-6) a prime number?
True
Is (6976 + 189/9)*(2 + 1) a composite number?
True
Suppose 0 = -5*x - 4*j + 1861781, 5*x - 93*j + 94*j - 1861769 = 0. Is x a prime number?
True
Suppose 310*u - 141634676 - 8399471 = 117*u. Is u a prime number?
False
Let w(n) = n**3 + 4*n**2 + 20*n + 2. Let b be w(-17). Let u = -866 - b. Is u composite?
False
Let z(d) = 53*d + 4. Let f(l) = -6*l - 20. Let i be f(-9). Suppose -5*w + i = 3*u, 8*u - 3*u = -3*w + 78. Is z(u) composite?
True
Suppose 5*u - 95 = 5*q, 5*q - 76 = -4*u + 10*q. Suppose 0 = u*f - 25*f - 6030. Is 3 - (1 + (f - 2)) a composite number?
False
Is 1*(439888 + (-21 - -30)) a composite number?
True
Let a(r) = 7*r**2 - 5*r + 20*r + 13 + 2*r. Is a(-32) composite?
False
Let l(k) = -8371*k + 101. Is l(-20) a composite number?
False
Let j(v) = -2*v**2 - 14*v - 17. Let b be j(-5). Let i be 1/3 - (-2168)/b. Suppose 292 = 5*y - i. Is y composite?
True
Suppose -2*z + 19*n = 22*n - 403849, -4*n + 1009598 = 5*z. Is z composite?
True
Let x = -177687 + 891026. Is x composite?
True
Let l = 572531 + -138324. Is l prime?
False
Let c(m) = 6*m**2 + 3*m + 44. Suppose 460 = 4*v + 4*w, -5*v - 410 = 4*w - 986. Let b = v + -126. Is c(b) composite?
True
Let c = 2237 + 273. Let h = c + -967. Is h prime?
True
Let j(g) = -465*g - 7002. Let v be j(-15). Suppose -b = -2*b - 652. Is 18/v + -2 + b/(-6) composite?
True
Let f = 391 - -58. Let p = f + -338. Is p a composite number?
True
Let l be 600 + -1 - 1 - 0. Let o = 5792 + -5827. Let a = o + l. Is a a prime number?
True
Let x(r) = r - 1. Let v(t) = 10*t + 115. Let c(o) = v(o) + 4*x(o). Is c(9) prime?
False
Let l be ((-1 - -1) + -1)*10. Let w(i) = -i**3 + 874*i - 9 + i**2 + 877*i - 1757*i. Is w(l) a composite number?
False
Let m = 24106 - -65138. Suppose -16*l + 274732 = m. Is l prime?
True
Suppose 0*y + 2*y = 5*o + 14, 0 = -2*o + 4*y + 4. Let x be (-4 + 0)*(o - -6)/(-2). Suppose -2*l - 1122 = -x*l + 4*k, 556 = l - k. Is l composite?
True
Let l = -41 - 22. Let o = l + 114. Is o/34*1126/3 prime?
True
Let d = -1877 + 723. Let o = d + 2273. Is o a prime number?
False
Let y = 1087871 - 649842. Is y composite?
False
Let g(k) = -239*k + 230*k + 37 - 11. Is g(-7) a composite number?
False
Suppose -16*g + 1971395 + 171525 = -2438408. Is g composite?
False
Let h = -5 + 9. Let f(p) = 85*p**2 - 9*p - 3. Let v be f(h). Is -5 + 4 + (-1)/1 + v a prime number?
True
Let x(h) = 3042*h + 1525. Is x(6) a composite number?
False
Let z = -96331 - -159822. Is z a prime number?
False
Is 25 + 108859136/16 + -10 a composite number?
False
Suppose 45591677 = 74*q - 34732289. Is q prime?
True
Let w(b) be the second derivative of 13*b**5/20 - b**4/12 + 5*b**3/3 - 7*b**2/2 - b - 66. Is w(12) prime?
True
Suppose 2*d + 3*g = 1518, 0*d = 4*d - 5*g - 3014. Suppose 5*v - 529 = d. Is v a composite number?
False
Suppose 5*k + 5*w = -120, -3*w = 2*k + w + 54. Is (-1 + (-35)/k)*2901 a prime number?
False
Let p(k) = -5*k**3 + 25*k**2 - k + 3. Suppose -7*x - 12 = 58. Is p(x) prime?
False
Suppose w + 153243 - 33451 = 2*l, l - 59911 = 3*w. Is l composite?
True
Let v(t) = -45*t**2 + 4*t + 6. Let m(k) = -2*k**2 - 1. Let a(y) = -4*m(y) - v(y). Suppose 0 = 4*d - 8*d - 12. Is a(d) composite?
False
Let y(i) = -7*i**3 - 3*i + 19. Let c(p) = 11*p**3 + 5*p - 29. Let m(a) = 5*c(a) + 8*y(a). Suppose -x + 4*x + 12 = -2*r, -4*r - 2*x = 8. Is m(r) prime?
True
Let t be (18 + -8 - -2) + -7. Suppose -5*l + 3*a + 56797 = -0*a, -45448 = -4*l + t*a. Is l prime?
False
Let b be -6*6/(-48) - (-66)/8. Let r(u) = 5*u - 43. Let v be r(b). Suppose -3*q + n + 4*n = -7959, -v*n = 0. Is q a composite number?
True
Let q = -645 - -651. Let k(c) = 797*c**2 - 26*c + 157. Is k(q) prime?
False
Let y(j) = -138*j**3 + j. Let b be y(1). Let o = b + -1175. Let t = o - -1869. Is t composite?
False
Let d(u) = 530*u**2 + 15*u + 228. Is d(-9) a prime number?
False
Suppose 0 = -x + 145 - 1. Suppose -39*o - x = -40*o. Let y = -55 + o. Is y composite?
False
Suppose -24*x = -23*x - 2342. Suppose -4*l + 4684 = -2*p, 19*l - 17*l - 4*p = x. Is l a composite number?
False
Suppose -g - 2*z + 3939 = 0, 0 = 19*g - 14*g + 2*z - 19711. Is g a prime number?
True
Let t = 27874 - -2467. Is t a prime number?
True
Suppose -119*w = -77*w - 61782294. Is w prime?
True
Let l = -7383 + 13148. Suppose 0 = 2*p + p - 4*c - 17245, -p + l = 2*c. Is p a composite number?
True
Let i be (-2 - -3)*(-6)/(-3)*-3. Let b(j) = -89*j**3 - j**2 + 9*j + 1. Let r be b(i). Suppose 2*x + r = 7*x. Is x a prime number?
False
Suppose k - 141018 = 5*d, -2*k - 26*d + 282022 = -22*d. Is k a composite number?
True
Is (-509931)/(72/(-8)) - (1 - 1) a composite number?
False
Suppose 0 = 2*z - 5*l - 36986, -6*z - l + 36986 = -4*z. Is z a composite number?
False
Is 13